0). Let q(m) = 3*m**3 + 3*m**2 + 7*m - 4. Let j(c) = 2*c**3 + c + 1. Let k(h) = -2*j(h) + q(h). Determine k(d).
-2
Let g(u) = -u**2 + 5*u - 3. Let f be -2*1/4*-2*0. Suppose f = -5*h - 4*s + 17 + 22, 4*h = -2*s + 30. Determine g(h).
-17
Let n(u) be the second derivative of u**3/6 + 3*u**2/2 - 7*u + 58. What is n(-7)?
-4
Let g(y) = 17 - 8*y**2 - 13 - 10*y - y**3 + 4*y. Let m(l) = -9. Let p(a) = a - 19. Let j(b) = 5*m(b) - 2*p(b). Let c be j(0). Calculate g(c).
-3
Let d(l) = 2*l - 1. Let t be (1*-1)/(0 + 1). Let z be d(t). Let p(u) be the third derivative of u**5/30 + u**4/8 - u**3/6 + 687*u**2. Determine p(z).
8
Let u(j) be the second derivative of j**4/12 + j**3/3 - 2*j**2 + 126*j. Determine u(-3).
-1
Let y(d) = d**2 + d + 2. Let u = -257 - -261. Determine y(u).
22
Let d be (-3 - 2)*12/10. Let n be 2/5 + d/15. Let c(j) = -5*j**2 + 8*j + 8. Let a(w) = -4*w**2 + 6*w + 9. Let x(f) = -4*a(f) + 3*c(f). What is x(n)?
-12
Let c(t) = 4*t**2 - 4*t - 7. Let v(s) = -11*s**2 + 11*s + 20. Let a(j) = 17*c(j) + 6*v(j). Let h(z) = 4*z + 3. Let d be h(-3). Let f = -8 - d. Give a(f).
1
Let i be (1/(-2))/((-1)/2). Let n(s) = s**3 - 5*s**2 - 3*s - 16. Let d be n(6). Let z(t) = -12*t - 3 - i + 13*t + t**d. Give z(-3).
2
Let k(o) = -11*o**2 + 5*o - 7*o - o**3 + 5*o**2 + 4. Let a be 19 - (2 - 1)*1. Let d be (-15)/2*12/a. Give k(d).
-11
Let f(g) = -g**2 + g - 1. Let c(b) be the second derivative of -b**4/12 + b**3/3 + 5*b**2 + 8*b. Let j(m) = -c(m) + 2*f(m). Determine j(0).
-12
Let n(b) be the first derivative of 2*b**2 + 15*b + 206. What is n(-7)?
-13
Suppose 2*h = 7*h - 25. Let x(u) = 7*u - 10. Let d(y) = 4*y - 5. Let p(t) = h*d(t) - 3*x(t). Calculate p(6).
-1
Let u = -43 + 38. Let q(z) = 5*z**2 - z - 10. Let v(d) = d**2 - 2. Let r(y) = -2*q(y) + 11*v(y). Calculate r(u).
13
Let i(x) be the second derivative of x**3/6 - 4*x**2 - 77*x. Suppose 0 = 4*v + 28 - 0. Give i(v).
-15
Let v = -13 - -18. Suppose 5*d + 11 = 2*d - 4*p, 0 = v*d - 5*p - 40. Let l be 5 + (1 - d) - 8. Let j(n) = -n**2 - 6*n - 1. Determine j(l).
4
Let x(k) = -15*k**2 + 0*k + 5*k + 14 + 0*k - 21. Let y(m) = 8*m**2 - 2*m + 3. Let c(f) = -3*x(f) - 7*y(f). Give c(-1).
-10
Let c(v) = -v**2 + 14 + 23*v - 2 - 32 - 8. Give c(22).
-6
Let o be 0 - 4 - -6*40/30. Let n(z) = z**3 - 4*z**2 + 3*z - 8. Give n(o).
4
Let o(z) = 14*z**2 + 80*z + 51. Let d(p) = -5*p**2 - 28*p - 17. Let k(l) = 11*d(l) + 4*o(l). Determine k(-7).
-18
Let q(a) be the first derivative of -a**2 - 1/2*a**4 + 9*a - 2 + 1/20*a**5 + a**3. Let n(w) be the first derivative of q(w). Determine n(5).
3
Let d(f) = 2*f**2 - f**2 + 2*f + 18 - 21. Let t be d(-4). Let m(y) = y**2 - 4*y - 3. Calculate m(t).
2
Let g = -76 + 81. Let p(d) = d**3 - 5*d**2 - 1. What is p(g)?
-1
Suppose 4 = 2*x + 4*f - f, x + 4*f = -3. Let j be 2*(4/2 - 1). Let t(r) = -9*r**2 + 16*r**2 + 5 - 6*r**2 - j*r**2 + 4*r. What is t(x)?
0
Let c(v) be the first derivative of -7*v**2 + v + 220. What is c(-2)?
29
Let d(m) = -5*m + 53 + 3*m - 32 - 28. Let y(a) = a**2 - 11*a - 47. Let t be y(14). Give d(t).
3
Let l(c) be the second derivative of -c**7/840 - c**6/90 + 5*c**4/24 + c**3 - 6*c. Let h(w) be the second derivative of l(w). Calculate h(-4).
5
Let s(v) = -2*v + 1. Let k(u) = u - 1. Let q(o) = -6*k(o) - 2*s(o). Suppose -10*c + 7 - 67 = 0. Give q(c).
16
Suppose -5*y + 2 = -f, 4*f = -5*y - 0*y - 33. Let d(m) be the second derivative of 3*m - 3/2*m**3 - 1/12*m**4 + 0 - 2*m**2. Give d(f).
10
Let n(p) = -p**2 + 4*p + 3. Suppose 0 = -2*y + k + 4 - 1, -3*k + 21 = 4*y. Suppose -4*t - 4 = 0, -b + 2*t + y + 3 = 0. Give n(b).
3
Let g(k) = 2*k - 3. Let p(a) = -a**2 + 7*a - 4. Let m be p(6). Let f(t) = -t**3 + t**2 - 2*t + 1. Let s be f(0). Let r be (7 + 3)/(m*s). Calculate g(r).
7
Suppose -3*p = p - 28. Let z(f) = p - 12 + 2*f - 5. Let d(g) = 2*g**2 - 6*g - 1. Let w be d(4). What is z(w)?
4
Suppose 0 = z + 5 - 22. Suppose 45 = 4*g + z. Suppose -g = m - 3*m - 3*t, 3*m + t = 14. Let r(f) = -f - 4. Give r(m).
-9
Let q(d) be the second derivative of 1/6*d**3 + 11/2*d**2 - d + 0. Give q(-5).
6
Let a = 154 + -156. Let p(s) = 2*s**2 + 10*s + 17. Let k be p(a). Let h(t) = 2*t - 8. Calculate h(k).
2
Let j = 1/174 + 43/87. Let q(w) be the first derivative of -6*w - j*w**2 + 1. What is q(-6)?
0
Let u(f) = f**2 + f - 1. Suppose -21 = -5*q - 4*v, 4*q + 3*v - 31 = -14. What is u(q)?
29
Suppose 2*s + 54 + 72 = -4*i, -3*i - 93 = s. Let u be (4/(-5))/((-4)/i). Let l(h) = -2*h + 1 + 4*h + 3. Determine l(u).
-8
Let q be -1*(-4)/(-12)*-3. Let z(a) = q + 2*a - 2*a - a + a**2. What is z(3)?
7
Let k(n) be the first derivative of -n**4/8 - n**3/2 + 17*n**2 + 9. Let g(c) be the second derivative of k(c). What is g(3)?
-12
Let s(y) = y + 3. Let a(c) = -2*c + 1. Let h(k) = -3*a(k) - 2*s(k). What is h(8)?
23
Let i(w) = w**2 + 2*w - 5. Let b(h) = h**3 + 3*h**2 - h + 2. Let p = -12 + 9. Let l be b(p). Suppose 4*y = 16, y = -2*c - 1 - l. What is i(c)?
10
Suppose 3*r = -2*k + 34, 0 = k - 3*k - r + 38. Let x(y) = k*y - 35*y + 4 + 16*y. Give x(4).
8
Let u(i) = -2*i**2 - i - 2. Let j = 13 + -4. Suppose -3*x + 2*c + j = 0, x + 5*c - 26 = -6. Suppose 0 = -4*n + 3 + x, 3*n = -3*a. Determine u(a).
-8
Let t(y) = y + 8. Suppose -2*w + 4 = 0, -2*b + 3*b + 31 = 5*w. Let a be b + 13 + (-1 - -3). What is t(a)?
2
Let i(m) = 2*m + 1. Let j be i(-4). Let g(l) = 7 + 7*l**2 - 2*l**2 - 5*l - 8*l**2 + 2*l**2. Give g(j).
-7
Let v(r) = -r**3 + 5*r**2 + 7*r + 1. Let s be -7 + 8 + -4 + 2. Let n be ((-1)/(-2))/((-2)/(-20)). Let a = n - s. Calculate v(a).
7
Let n(k) = 2*k - 1. Let r(b) = -3*b - 1. Let c be r(1). Suppose 0 = 2*d + l + 3, 0 = 2*d + 2*l + 3 - 1. Let o be (c + 6)/(1/d). What is n(o)?
-9
Suppose 3*f + 14 = -4*s - 7, -5*s - 25 = 4*f. Let v(x) = x**2 + 11*x + 17. Calculate v(s).
-1
Suppose -5*v - 4*a = a - 35, -31 = -3*v - 5*a. Let k be (-6)/6 + (5 - 1). Let r(o) = 3*o - o**k - 4*o + 16 - 2*o**2 - 15 + 7*o**2. Give r(v).
11
Let w(s) be the third derivative of s**4/8 + 5*s**3/2 - 94*s**2. Determine w(-6).
-3
Let v(q) = 2*q**2 - q**3 - 19*q + 20*q + 0*q**2. Let n = -11 - -13. What is v(n)?
2
Let r(b) be the third derivative of -b**4/8 - b**3/2 + 9*b**2. Give r(-3).
6
Let o(i) be the third derivative of -i**5/60 + i**4/4 - 2*i**3/3 + 2*i**2 - 83. What is o(6)?
-4
Let o(k) = 6*k**3 + 8*k**2 + 10*k - 1. Let z(s) = -7*s**3 - 8*s**2 - 11*s. Let x(m) = -6*o(m) - 5*z(m). Let f = 6 + -13. Determine x(f).
-8
Let a = 5588 + -5592. Let m(h) be the second derivative of 0 - 1/20*h**5 - 5/2*h**2 + h - h**3 - 5/12*h**4. Give m(a).
3
Let d be -9 + 6 - 1 - 39/3. Let j(c) = -2*c - 37. Give j(d).
-3
Let b be (-5 - -3)*-2 + -1. Let f(m) = -m**2 + 6*m + 2. Give f(b).
11
Let r be ((-5)/(-20))/((-2)/(-16)). Let y(x) = -1 + 2*x**r - 4*x + 4*x + 2*x. What is y(1)?
3
Let w be (3/18*-2)/((-4)/(-12)). Let q(z) = -5*z. What is q(w)?
5
Let w(i) = -2*i**2 + 5*i - 4. Let z be 2 + 3 - 28/14. What is w(z)?
-7
Let r = 1314 + -1306. Let t(x) = -7*x + 53. What is t(r)?
-3
Let t(n) be the third derivative of -n**5/30 - n**3/6 + 885*n**2. Calculate t(-3).
-19
Let f(v) = v**2 + 5*v - 18. Let o be f(-8). Suppose -q - o = 5*q. Let w(x) = -x - 1. Give w(q).
0
Let h(c) be the first derivative of c**2 + 8*c - 31. Give h(-5).
-2
Let x(i) be the first derivative of -i**6/120 - i**5/30 - i**4/12 + 22*i**3/3 - 33. Let c(q) be the third derivative of x(q). What is c(-2)?
-6
Let s(o) = 38 - 9*o - 12 + 41 - 9. Give s(7).
-5
Suppose -2*o + 8 = i - 3*o, -5*o - 32 = -4*i. Let j be (i/2)/((-6)/(-3)). Let d be (5/j)/((-6)/(-12)). Let r(z) = z - 2. What is r(d)?
3
Let h(b) = b + 2. Let k(c) = 5*c + 23. Let l(g) = -6*h(g) + k(g). Give l(8).
3
Let o be (-3 + 4/(-8))/(2/(-12)). Let h(x) = 43*x - o*x - 23*x. What is h(-8)?
8
Let l(d) be the third derivative of 7*d**4/24 - 2*d**2. Suppose -2*r = -f - 2, r + 2*r - 5 = 2*f. Give l(r).
-7
Suppose 0*n + 3*h + 21 = n, 65 = 5*n - 5*h. Let y(o) = o**2 - 10*o + 9. Let a(t) = -t**2 + 10*t - 9. Let b(c) = 6*a(c) + 7*y(c). What is b(n)?
0
Let x(p) = -5*p - 6. Let a(f) be the second derivative of f**3/6 + f**2/2 - 2*f. Let o = 29 - 25. Let n(c) = o*a(c) + x(c). What is n(2)?
-4
Let w(x) be the third derivative of -x**5/30 + x**3/6 - x**2. Suppose 5*m = -3 + 3. Suppose m = 8*d - 3 + 19. Determine w(d).
-7
Let o be (-1)/((-6)/(-8))*(-135)/30. Let l(q) = 17 - 2*q - 5 - 